{"id":158,"date":"2023-12-27T12:31:19","date_gmt":"2023-12-27T12:31:19","guid":{"rendered":"https:\/\/praktika.confemar.ee\/wordpress\/?page_id=158"},"modified":"2024-11-20T17:28:53","modified_gmt":"2024-11-20T15:28:53","slug":"ravid-ja-hoolitsused","status":"publish","type":"page","link":"https:\/\/praktika.confemar.ee\/wordpress\/et\/ravid-ja-hoolitsused\/","title":{"rendered":"Ravid ja hoolitsused (ET)"},"content":{"rendered":"<p><strong>Raviteenused<\/strong><\/p><div class=\"wp-block-image\"><figure class=\"aligncenter size-large\"><img loading=\"lazy\" decoding=\"async\" width=\"1024\" height=\"678\" src=\"https:\/\/praktika.confemar.ee\/wordpress\/wp-content\/uploads\/2023\/12\/TERVIS_soolaravi_salt-therapy-4-scaled-1-1024x678.jpg\" alt=\"\" class=\"wp-image-210\" srcset=\"https:\/\/praktika.confemar.ee\/wordpress\/wp-content\/uploads\/2023\/12\/TERVIS_soolaravi_salt-therapy-4-scaled-1-1024x678.jpg 1024w, https:\/\/praktika.confemar.ee\/wordpress\/wp-content\/uploads\/2023\/12\/TERVIS_soolaravi_salt-therapy-4-scaled-1-600x398.jpg 600w, https:\/\/praktika.confemar.ee\/wordpress\/wp-content\/uploads\/2023\/12\/TERVIS_soolaravi_salt-therapy-4-scaled-1-300x199.jpg 300w, https:\/\/praktika.confemar.ee\/wordpress\/wp-content\/uploads\/2023\/12\/TERVIS_soolaravi_salt-therapy-4-scaled-1-768x509.jpg 768w, https:\/\/praktika.confemar.ee\/wordpress\/wp-content\/uploads\/2023\/12\/TERVIS_soolaravi_salt-therapy-4-scaled-1-1536x1018.jpg 1536w, https:\/\/praktika.confemar.ee\/wordpress\/wp-content\/uploads\/2023\/12\/TERVIS_soolaravi_salt-therapy-4-scaled-1-2048x1357.jpg 2048w\" sizes=\"auto, (max-width: 1024px) 100vw, 1024px\" \/><\/figure><\/div><hr class=\"wp-block-separator has-alpha-channel-opacity\"\/><p><strong>Kehahoolitsused<\/strong><\/p><div class=\"wp-block-image\"><figure class=\"aligncenter size-large\"><img loading=\"lazy\" decoding=\"async\" width=\"1024\" height=\"683\" src=\"https:\/\/praktika.confemar.ee\/wordpress\/wp-content\/uploads\/2023\/12\/test2-1024x683.jpg\" alt=\"\" class=\"wp-image-204\" srcset=\"https:\/\/praktika.confemar.ee\/wordpress\/wp-content\/uploads\/2023\/12\/test2-1024x683.jpg 1024w, https:\/\/praktika.confemar.ee\/wordpress\/wp-content\/uploads\/2023\/12\/test2-600x400.jpg 600w, https:\/\/praktika.confemar.ee\/wordpress\/wp-content\/uploads\/2023\/12\/test2-300x200.jpg 300w, https:\/\/praktika.confemar.ee\/wordpress\/wp-content\/uploads\/2023\/12\/test2-768x512.jpg 768w, https:\/\/praktika.confemar.ee\/wordpress\/wp-content\/uploads\/2023\/12\/test2.jpg 1200w\" sizes=\"auto, (max-width: 1024px) 100vw, 1024px\" \/><\/figure><\/div><hr class=\"wp-block-separator has-alpha-channel-opacity\"\/><p><strong>Iluteenused<\/strong><\/p><div class=\"wp-block-image\"><figure class=\"aligncenter size-large\"><img loading=\"lazy\" decoding=\"async\" width=\"1024\" height=\"573\" src=\"https:\/\/praktika.confemar.ee\/wordpress\/wp-content\/uploads\/2023\/12\/naohoolitsus-1024x573.jpg\" alt=\"\" class=\"wp-image-205\" srcset=\"https:\/\/praktika.confemar.ee\/wordpress\/wp-content\/uploads\/2023\/12\/naohoolitsus-1024x573.jpg 1024w, https:\/\/praktika.confemar.ee\/wordpress\/wp-content\/uploads\/2023\/12\/naohoolitsus-600x336.jpg 600w, https:\/\/praktika.confemar.ee\/wordpress\/wp-content\/uploads\/2023\/12\/naohoolitsus-300x168.jpg 300w, https:\/\/praktika.confemar.ee\/wordpress\/wp-content\/uploads\/2023\/12\/naohoolitsus-768x430.jpg 768w, https:\/\/praktika.confemar.ee\/wordpress\/wp-content\/uploads\/2023\/12\/naohoolitsus.jpg 1430w\" sizes=\"auto, (max-width: 1024px) 100vw, 1024px\" \/><\/figure><\/div><hr class=\"wp-block-separator has-alpha-channel-opacity\"\/><p><strong>Manik\u00fc\u00fcr<\/strong><\/p><figure class=\"wp-block-image size-large\"><img loading=\"lazy\" decoding=\"async\" width=\"1024\" height=\"655\" src=\"https:\/\/praktika.confemar.ee\/wordpress\/wp-content\/uploads\/2023\/12\/manikuur--1024x655.jpg\" alt=\"\" class=\"wp-image-207\" srcset=\"https:\/\/praktika.confemar.ee\/wordpress\/wp-content\/uploads\/2023\/12\/manikuur--1024x655.jpg 1024w, https:\/\/praktika.confemar.ee\/wordpress\/wp-content\/uploads\/2023\/12\/manikuur--600x384.jpg 600w, https:\/\/praktika.confemar.ee\/wordpress\/wp-content\/uploads\/2023\/12\/manikuur--300x192.jpg 300w, https:\/\/praktika.confemar.ee\/wordpress\/wp-content\/uploads\/2023\/12\/manikuur--768x492.jpg 768w, https:\/\/praktika.confemar.ee\/wordpress\/wp-content\/uploads\/2023\/12\/manikuur-.jpg 1250w\" sizes=\"auto, (max-width: 1024px) 100vw, 1024px\" \/><\/figure><hr class=\"wp-block-separator has-alpha-channel-opacity\"\/><p><strong>Pedik\u00fc\u00fcr<\/strong><\/p><figure class=\"wp-block-image size-large\"><img loading=\"lazy\" decoding=\"async\" width=\"1024\" height=\"682\" src=\"https:\/\/praktika.confemar.ee\/wordpress\/wp-content\/uploads\/2023\/12\/TERVISE-PARADIIS_pedikuur_pedicure-8-1024x682.jpg\" alt=\"\" class=\"wp-image-208\" srcset=\"https:\/\/praktika.confemar.ee\/wordpress\/wp-content\/uploads\/2023\/12\/TERVISE-PARADIIS_pedikuur_pedicure-8-1024x682.jpg 1024w, https:\/\/praktika.confemar.ee\/wordpress\/wp-content\/uploads\/2023\/12\/TERVISE-PARADIIS_pedikuur_pedicure-8-600x400.jpg 600w, https:\/\/praktika.confemar.ee\/wordpress\/wp-content\/uploads\/2023\/12\/TERVISE-PARADIIS_pedikuur_pedicure-8-300x200.jpg 300w, https:\/\/praktika.confemar.ee\/wordpress\/wp-content\/uploads\/2023\/12\/TERVISE-PARADIIS_pedikuur_pedicure-8-768x512.jpg 768w, https:\/\/praktika.confemar.ee\/wordpress\/wp-content\/uploads\/2023\/12\/TERVISE-PARADIIS_pedikuur_pedicure-8-1536x1024.jpg 1536w, https:\/\/praktika.confemar.ee\/wordpress\/wp-content\/uploads\/2023\/12\/TERVISE-PARADIIS_pedikuur_pedicure-8.jpg 2000w\" sizes=\"auto, (max-width: 1024px) 100vw, 1024px\" \/><\/figure><p><\/p>","protected":false},"excerpt":{"rendered":"<p>Raviteenused Kehahoolitsused Iluteenused Manik\u00fc\u00fcr Pedik\u00fc\u00fcr<\/p>\n","protected":false},"author":1,"featured_media":0,"parent":0,"menu_order":0,"comment_status":"closed","ping_status":"closed","template":"templates\/ravid_ja_hoolitsused.php","meta":{"footnotes":""},"class_list":["post-158","page","type-page","status-publish","hentry"],"_links":{"self":[{"href":"https:\/\/praktika.confemar.ee\/wordpress\/wp-json\/wp\/v2\/pages\/158","targetHints":{"allow":["GET"]}}],"collection":[{"href":"https:\/\/praktika.confemar.ee\/wordpress\/wp-json\/wp\/v2\/pages"}],"about":[{"href":"https:\/\/praktika.confemar.ee\/wordpress\/wp-json\/wp\/v2\/types\/page"}],"author":[{"embeddable":true,"href":"https:\/\/praktika.confemar.ee\/wordpress\/wp-json\/wp\/v2\/users\/1"}],"replies":[{"embeddable":true,"href":"https:\/\/praktika.confemar.ee\/wordpress\/wp-json\/wp\/v2\/comments?post=158"}],"version-history":[{"count":6,"href":"https:\/\/praktika.confemar.ee\/wordpress\/wp-json\/wp\/v2\/pages\/158\/revisions"}],"predecessor-version":[{"id":349,"href":"https:\/\/praktika.confemar.ee\/wordpress\/wp-json\/wp\/v2\/pages\/158\/revisions\/349"}],"wp:attachment":[{"href":"https:\/\/praktika.confemar.ee\/wordpress\/wp-json\/wp\/v2\/media?parent=158"}],"curies":[{"name":"wp","href":"https:\/\/api.w.org\/{rel}","templated":true}]}}